 b = 15 + t. Let z = 10 - b. What is the remainder when 11 is divided by z?
3
Let k be 2/(-4)*(-180)/(-9). Calculate the remainder when 18 is divided by k/15 + 64/6.
8
Let i(f) = -f**3 + 7*f**2 - 7*f + 15. Calculate the remainder when -2 + 19 + -2 + 0 is divided by i(6).
6
Suppose 40 = y + 4*y. What is the remainder when 1*2 - (-11 - 2) is divided by y?
7
Suppose 2*n - 2 = 30. What is the remainder when 61 is divided by n?
13
Let n(o) = 17*o + 3. Let u(r) = 52*r + 8. Let k(x) = -11*n(x) + 4*u(x). What is the remainder when k(3) is divided by 21?
20
Let h(r) = r**2 - 5*r - 6. Let u be h(-4). Suppose 2*q = 5*q - u. Calculate the remainder when q is divided by 6.
4
Let k(f) = -f**3 + 11*f**2 - 16*f + 18. What is the remainder when k(6) is divided by 26?
24
Let v(p) = 2*p - 1. Let d be 4/(-6) - (-34)/6. Suppose -l - 8 = -d*l. Calculate the remainder when v(3) is divided by l.
1
Let d(c) = 5*c - 1. Let v = 25 - 14. Calculate the remainder when v is divided by d(1).
3
Suppose 4*x - 21 = 3*x. Let p = -6 - -18. Calculate the remainder when x is divided by p.
9
Let z(o) = -9*o + 1. Suppose -2*s - b + 2*b = -7, -s + 5*b + 17 = 0. Let t be z(s). Let d = t + 31. What is the remainder when d is divided by 5?
4
Suppose 0 = -2*f + 2*s + 20 + 8, 3*s = -2*f + 8. Calculate the remainder when 28 is divided by f.
8
Let g = 74 - 57. What is the remainder when 33 is divided by g?
16
Let s(u) = u**2 + u - 2. Let m be (-7)/(-14) + (-1)/2. Suppose 5*n - 13 + 3 = m. What is the remainder when s(-3) is divided by n?
0
Suppose t + 2*c - 3 = -3*c, -4*t - 3*c + 63 = 0. Calculate the remainder when t is divided by 5.
3
What is the remainder when ((-48)/3)/(10/75*-3) is divided by 8?
0
Let q(j) = 2*j**2 + 4*j. Suppose -c + 84 = -2*w - 10, 267 = 3*c - w. What is the remainder when c is divided by q(3)?
28
Suppose -4*h = -0*h - 5*y - 134, -4*h - 4*y = -152. Suppose -2*q + 39 = q. Calculate the remainder when h is divided by q.
10
Suppose 4*r + 19 = 5*j, -2*r + 3 - 9 = -2*j. Suppose -d - 3*p + 1 = -j*p, -9 = -3*p. What is the remainder when (-15)/6*20/(-2) is divided by d?
12
Let i = -5 - -80. What is the remainder when i is divided by 19?
18
Let q = -3 + 5. Let s(o) = q + 0*o + 4*o - 2*o. What is the remainder when s(6) is divided by 5?
4
Suppose x + 5*t + 2 - 6 = 0, 0 = x + 2*t - 1. What is the remainder when 15 is divided by 10 + x + -3 + 3?
6
Suppose 4*f - 34 = 2*s, -4*f + 2*s + 3*s = -19. Let h(w) = 3*w - 14. What is the remainder when h(f) is divided by 2/3 + (-19)/(-3)?
5
Suppose 0*n - 12 = -2*q + 4*n, 4*n + 12 = 4*q. Let p = -50 - -90. Suppose -c - 3*c + p = q. What is the remainder when 29 is divided by c?
9
Let c = -137 + 151. Calculate the remainder when 138 is divided by c.
12
Suppose 0*z = z - 11. Let y = 22 - z. What is the remainder when (5 - 5) + 1*31 is divided by y?
9
Suppose 8*i = 4*i - 4. Let g = i - 8. Calculate the remainder when 62 is divided by (-64)/(-3) + 3/g.
20
Let x = 27 + -23. Suppose 0 = -2*n + 4*n - 56. Suppose z + 3*z = n. Calculate the remainder when z is divided by x.
3
Suppose 355 = 2*p + 3*p. Calculate the remainder when p is divided by 18.
17
Let t = -8 + 14. Suppose 0 = -4*g + 20, -4*g + 3 = 3*a - 29. What is the remainder when t is divided by a?
2
Let g(f) = f**2 + 7*f - 4. Let b be g(-8). Suppose b*w + 14 = 3*c + 5*w, 0 = -3*c + 2*w + 17. Calculate the remainder when c is divided by 2.
1
What is the remainder when (-8)/14 + 344/14 is divided by 5?
4
Let x(k) = -k**3 + 10*k**2 - 5*k + 10. Let h(z) = -7*z + 3. Let a be h(-4). Let p = a - 22. Calculate the remainder when x(p) is divided by 16.
14
Let k = 2 - -3. What is the remainder when 8 is divided by k?
3
Suppose -n = -5*n + 48. Calculate the remainder when 33 is divided by n.
9
Let r(q) = q**3 - 13*q**2 - 12*q - 19. Suppose t = -0*t + 16. What is the remainder when t is divided by r(14)?
7
Suppose 42 = 4*x - 14. What is the remainder when x is divided by 9?
5
Suppose 0 = -4*f + 4*i - 4, 4*f - 4*i + 12 = 2*f. Calculate the remainder when f is divided by 3.
1
Let f = -26 - -14. Suppose 4*c = s - 26, 0 = -2*s + s - c + 31. Let y = f + s. What is the remainder when y is divided by 10?
8
Let r(z) = z**2 + 3*z + 1. Let t be r(-2). Let o(a) = 17*a - 3. Let v(s) = 1. Let q(p) = -o(p) - 3*v(p). Calculate the remainder when q(t) is divided by 9.
8
Suppose 2*r = 4*r + 4. Let u(l) = -25*l - 4. What is the remainder when u(r) is divided by 16?
14
Suppose -3*q + 0*q - 3*p + 51 = 0, 2*q - 38 = 2*p. Calculate the remainder when 31 is divided by q.
13
Let r = 19 - 16. Let y(w) = 2*w - 4. What is the remainder when r is divided by y(3)?
1
Let n(m) = -m**3 + 7*m**2 + 8*m + 1. Suppose -3*p - 34 = -5*r, -p = r + 2*p - 14. Let h be n(r). Let y = 4 - h. Calculate the remainder when 4 is divided by y.
1
Let w be 0 - (2 + 2/(-1)). Let z = 7 + w. Calculate the remainder when 13 is divided by z.
6
Let h = 320 - 316. What is the remainder when (0 + 4)*(-15)/(-4) is divided by h?
3
Let q(j) = j**2 + 6*j - 6. Let h(m) = -m**2 - 3*m + 6. Let l be h(-6). What is the remainder when q(l) is divided by 17?
15
What is the remainder when (-4)/(-4*(-2)/(-124)) is divided by 32?
30
Let d(f) = f - 6*f + 4 + 0*f - 8. What is the remainder when d(-5) is divided by 6?
3
Let v(d) = -d**2 + 5*d - 6. Let y(u) = -6*u**2 + 24*u - 31. Let n(g) = 11*v(g) - 2*y(g). What is the remainder when 51 is divided by n(-10)?
25
Suppose -2*y + 10 = -0*y, -3*y = 2*x - 87. Calculate the remainder when x is divided by 19.
17
Let k(q) = q**3 - 6*q**2 + 5*q + 3. Let v be k(5). Suppose 5*w = v + 7. Suppose -28 - 6 = -w*d. Calculate the remainder when d is divided by 6.
5
Suppose h - 2*v = 11, -4*h + v = -2*h - 10. Suppose -h*a = -8*a + 60. Calculate the remainder when 22 is divided by a.
10
Let s be 1/1*1/1. Calculate the remainder when 30 is divided by s/(-2) - (-99)/6.
14
Suppose -4 = -s + 2*o, 2*s - 4 - 29 = -o. What is the remainder when 24 is divided by s?
10
Let j(t) = -2*t - 5. Calculate the remainder when 10 is divided by j(-4).
1
Suppose 4*u - 318 - 190 = 0. Calculate the remainder when u is divided by 26.
23
Let u(o) = -o**3 + 8*o**2 - 3*o + 7. Let g(p) = -p**3 - 17*p**2 - 15*p + 34. Calculate the remainder when u(7) is divided by g(-16).
17
Suppose -7*a + 8*a - 5 = -5*f, -5*a + 160 = -2*f. Calculate the remainder when 209 is divided by a.
29
What is the remainder when 60 is divided by -3*2*(-21)/6?
18
Suppose -3*f + 2*u = -3*u - 133, -u = -5*f + 229. Calculate the remainder when f is divided by 16.
14
Calculate the remainder when 5 + -2 - (-24)/2 is divided by 8.
7
Let v be 12 + (-1)/((-1)/(-2)). Let s be (18/4)/((-12)/16). Let b = s + v. Calculate the remainder when 7 is divided by b.
3
Let a = 119 + -67. Calculate the remainder when a is divided by 18.
16
Suppose 0 = 5*v + n - 236, -2*n + 192 = 4*v + 2*n. Suppose 2*q = 4*c - 54 - 32, c - 5*q + 1 = 0. Calculate the remainder when v is divided by c.
23
Let b = -17 + 7. Let g(r) = -r**2 + 13*r + 6. Let s be g(12). Let v = b + s. What is the remainder when 23 is divided by v?
7
Let k(g) = -g**3 + 16*g**2 - 14*g + 11. Let u be k(15). Let j = -12 + u. Calculate the remainder when j is divided by 8.
6
What is the remainder when 13 is divided by ((3 - (-8)/(-4)) + -2)*-8?
5
Let y(u) = 3*u - 1. Let c be y(1). Let x be 22 + -2*(-2)/c. Suppose -3*n + g = -22, -3*n + 3*g + x = 6. Calculate the remainder when 21 is divided by n.
5
Let s(v) = v**3 + 8*v**2 + 5*v - 1. Calculate the remainder when s(-5) is divided by 25.
24
Let m(w) = 4*w**2 - 3*w. Let u be m(2). What is the remainder when 25 is divided by (13/(-2))/(u/(-20))?
12
Let k(c) = 2*c**2 + 2*c + 1. Let z be k(-1). Calculate the remainder when 3/5 + (-896)/(-40) is divided by 25/3 - z/3.
7
Let l(d) = d + 12. Suppose v - 6 = 5*u, 3*v = 4*v - 3*u - 10. Calculate the remainder when v is divided by l(-6).
4
Let y(c) be the first derivative of -c**4/4 - 3*c**3 - 11*c**2/2 + 7*c + 2. What is the remainder when y(-8) is divided by 16?
15
Suppose -9 = -19*b + 18*b. Calculate the remainder when b is divided by 5.
4
Let w = 29 + -18. Calculate the remainder when 19 is divided by w.
8
Calculate the remainder when (2/(-3))/(4/(-198)) is divided by 17.
16
Let y be (348/(-3 + 6))/2. Suppose -2*p + 4*d = -0*d - y, 3*d = 4*p - 126. Let l = -16 + p. Calcula